{"id":27,"date":"2022-09-14T17:39:23","date_gmt":"2022-09-14T17:39:23","guid":{"rendered":"https:\/\/www.aslaci.org\/web\/?page_id=27"},"modified":"2022-09-14T17:39:23","modified_gmt":"2022-09-14T17:39:23","slug":"socios-fundadores","status":"publish","type":"page","link":"https:\/\/www.aslaci.org\/web\/socios-fundadores\/","title":{"rendered":"SOCIOS FUNDADORES"},"content":{"rendered":"\n<figure class=\"wp-block-image size-full\"><img loading=\"lazy\" decoding=\"async\" width=\"800\" height=\"539\" src=\"https:\/\/www.aslaci.org\/web\/wp-content\/uploads\/2022\/09\/foto-cinela.jpg\" alt=\"\" class=\"wp-image-28\" srcset=\"https:\/\/www.aslaci.org\/web\/wp-content\/uploads\/2022\/09\/foto-cinela.jpg 800w, https:\/\/www.aslaci.org\/web\/wp-content\/uploads\/2022\/09\/foto-cinela-300x202.jpg 300w, https:\/\/www.aslaci.org\/web\/wp-content\/uploads\/2022\/09\/foto-cinela-768x517.jpg 768w\" sizes=\"auto, (max-width: 800px) 100vw, 800px\" \/><\/figure>\n\n\n\n<p><strong>Enf. Elena Graciela Andi\u00f3n<\/strong><br>Argentina.<\/p>\n\n\n\n<p><strong>Enf. Pola Brenner Friedmann<\/strong><br>Chile.<\/p>\n\n\n\n<p><strong>Dr. Fernando Espinosa Osorio<\/strong><br>Bolivia.<\/p>\n\n\n\n<p><strong>Dr. Luis Elpidio F\u00e9liz F\u00e9liz<\/strong><br>Rep\u00fablica Dominicana.<\/p>\n\n\n\n<p><strong>Enf. Silvia Guerra<\/strong><br>Uruguay.<\/p>\n\n\n\n<p><strong>Dra. Milagros Herrera R\u00edos<\/strong><br>Panam\u00e1.<\/p>\n\n\n\n<p><strong>Dr. Patricio Nercelles Mu\u00f1oz<\/strong><br>Chile.<\/p>\n\n\n\n<p><strong>Enf. M\u00f3nica Silvestre<\/strong><br>Guatemala.<\/p>\n\n\n\n<p><strong>Dra. Carmen Soria Segarra<\/strong><br>Ecuador.<\/p>\n\n\n\n<p><strong>Dra. Roxana Trejo Gonz\u00e1lez<\/strong><br>M\u00e9xico.<\/p>\n\n\n\n<p><strong>Dr. Mart\u00edn Yagui Moscoso<\/strong><br>Per\u00fa.<\/p>\n","protected":false},"excerpt":{"rendered":"<p>Enf. Elena Graciela Andi\u00f3nArgentina. Enf. Pola Brenner FriedmannChile. Dr. Fernando Espinosa OsorioBolivia. Dr. Luis Elpidio F\u00e9liz F\u00e9lizRep\u00fablica Dominicana. Enf. Silvia GuerraUruguay. Dra. Milagros Herrera R\u00edosPanam\u00e1.<\/p>\n","protected":false},"author":1,"featured_media":0,"parent":0,"menu_order":0,"comment_status":"closed","ping_status":"closed","template":"","meta":{"footnotes":""},"class_list":["post-27","page","type-page","status-publish","hentry"],"_links":{"self":[{"href":"https:\/\/www.aslaci.org\/web\/wp-json\/wp\/v2\/pages\/27","targetHints":{"allow":["GET"]}}],"collection":[{"href":"https:\/\/www.aslaci.org\/web\/wp-json\/wp\/v2\/pages"}],"about":[{"href":"https:\/\/www.aslaci.org\/web\/wp-json\/wp\/v2\/types\/page"}],"author":[{"embeddable":true,"href":"https:\/\/www.aslaci.org\/web\/wp-json\/wp\/v2\/users\/1"}],"replies":[{"embeddable":true,"href":"https:\/\/www.aslaci.org\/web\/wp-json\/wp\/v2\/comments?post=27"}],"version-history":[{"count":1,"href":"https:\/\/www.aslaci.org\/web\/wp-json\/wp\/v2\/pages\/27\/revisions"}],"predecessor-version":[{"id":29,"href":"https:\/\/www.aslaci.org\/web\/wp-json\/wp\/v2\/pages\/27\/revisions\/29"}],"wp:attachment":[{"href":"https:\/\/www.aslaci.org\/web\/wp-json\/wp\/v2\/media?parent=27"}],"curies":[{"name":"wp","href":"https:\/\/api.w.org\/{rel}","templated":true}]}}