{"id":464,"date":"2023-10-02T16:39:00","date_gmt":"2023-10-02T16:39:00","guid":{"rendered":"https:\/\/www.aslaci.org\/web\/?page_id=464"},"modified":"2026-04-07T20:53:50","modified_gmt":"2026-04-07T20:53:50","slug":"documentos-de-texto","status":"publish","type":"page","link":"https:\/\/www.aslaci.org\/web\/documentos-de-texto\/","title":{"rendered":"Documentos de Texto"},"content":{"rendered":"\n<h1 class=\"wp-block-heading\">Documentos de texto<\/h1>\n\n\n\n<figure style=\"font-size:12px\" class=\"wp-block-table\"><table><tbody><tr><th>Titulo<\/th><th>Autor<\/th><th>A\u00f1o<\/th><th>Tema<\/th><th>Categoria<\/th><td><strong>Link<\/strong><\/td><\/tr><tr><td>Herramientas de IA para profesionales de salud<\/td><td>OITT<\/td><td>2026<\/td><td>Herramientas de IA<\/td><td>Herramientas de IA<\/td><td><a href=\"https:\/\/www.aslaci.org\/publicaciones-gratis\/documentos-texto\/Herramientas de IA para profesionales de salud..pdf\" data-type=\"page\" data-id=\"464\" target=\"_blank\" rel=\"noreferrer noopener\"><img decoding=\"async\" width=\"32px\" src=\"https:\/\/www.aslaci.org\/img\/descarga.png\"><\/a><\/td><\/tr><tr><td>Documentos del Webinar Inteligencia artificial aplicada a control de IAAS<\/td><td>Dr. Diego Perez<\/td><td>2026<\/td><td>Inteligencia Artificial<\/td><td>Material del Taller<\/td><td><a href=\"https:\/\/www.aslaci.org\/publicaciones-gratis\/documentos-texto\/Taller IA Gen ASLACI 2026.zip\" data-type=\"page\" data-id=\"464\" target=\"_blank\" rel=\"noreferrer noopener\"><\/a><a href=\"https:\/\/www.aslaci.org\/publicaciones-gratis\/documentos-texto\/Taller IA Gen ASLACI 2026.zip\" data-type=\"page\" data-id=\"464\" target=\"_blank\" rel=\"noreferrer noopener\"><img decoding=\"async\" width=\"32px\" src=\"https:\/\/www.aslaci.org\/img\/descarga.png\"><\/a><\/td><\/tr><tr><td>Manual OPS &#8211; Gu\u00eda para dise\u00f1ar instrucciones de Inteligencia Artificial en salud p\u00fablica<\/td><td>OPS<\/td><td>2026<\/td><td>Prompt IA<\/td><td>Manual OPS<\/td><td><a href=\"https:\/\/www.aslaci.org\/publicaciones-gratis\/documentos-texto\/promts.pdf\" data-type=\"page\" data-id=\"464\" target=\"_blank\" rel=\"noreferrer noopener\"><img decoding=\"async\" width=\"32px\" src=\"https:\/\/www.aslaci.org\/img\/descarga.png\"><\/a><\/td><\/tr><tr><td>MANUAL DE BIOSEGURIDAD EN EL<br>LABORATORIO CUARTA EDICI\u00d3N<\/td><td>Laboratory biosafety<\/td><td>2025<\/td><td>BIOSEGURIDAD<\/td><td>MANUAL y MONOGRAF\u00cdAS COMPLEMENTARIAS<\/td><td><a href=\"https:\/\/www.aslaci.org\/publicaciones-gratis\/documentos-texto\/9789240059306-spa bioseguridad en laboratorio.pdf\" data-type=\"page\" data-id=\"464\" target=\"_blank\" rel=\"noreferrer noopener\"><img decoding=\"async\" width=\"32px\" src=\"https:\/\/www.aslaci.org\/img\/descarga.png\"><\/a><\/td><\/tr><tr><td>Actualizaci\u00f3n en Profilaxis Antibi\u00f3tica y Tratamiento Emp\u00edrico de&nbsp; Infecciones en Cirug\u00eda Traumatol\u00f3gica e Implantes<\/td><td>Dra. Karina Tenaglia, Dr. Henry Albornoz, Dr. Rogelio Rey, Dr. PhD. Julio Medina<\/td><td>2025<\/td><td>Profilaxis<\/td><td>Actualizaci\u00f3n<\/td><td><a href=\"https:\/\/www.aslaci.org\/publicaciones-gratis\/documentos-texto\/Profilaxis_ATB_Traumatologia gral-1.pdf\" data-type=\"page\" data-id=\"464\" target=\"_blank\" rel=\"noreferrer noopener\"><img decoding=\"async\" width=\"32px\" src=\"https:\/\/www.aslaci.org\/img\/descarga.png\"><\/a><\/td><\/tr><tr><td>Seguridad del paciente y control IAAS en neonatolog\u00eda.<\/td><td>Dr Fernando Espinoza y colaboradores<\/td><td>2024<\/td><td>Neonatolog\u00eda<\/td><td>Libro<\/td><td><a href=\"https:\/\/www.aslaci.org\/publicaciones-gratis\/seguridad.pdf\" target=\"_blank\" rel=\"noreferrer noopener\"><img decoding=\"async\" width=\"32px\" src=\"https:\/\/www.aslaci.org\/img\/descarga.png\"><\/a><\/td><\/tr><tr><td>Guia de practica clinica para la prevencion de la infecciones del sitio quirurgico.<\/td><td>ACIN<\/td><td>2023<\/td><td>ISQ<\/td><td>Recomendaciones\/Prevencion<\/td><td><a href=\"https:\/\/www.aslaci.org\/publicaciones-gratis\/doctextnuevo\/GUIA ISQ 2023.pdf\" target=\"_blank\" rel=\"noreferrer noopener\"><img decoding=\"async\" width=\"32px\" src=\"https:\/\/www.aslaci.org\/img\/descarga.png\"><\/a><\/td><\/tr><tr><td>Gu\u00eda de pr\u00e1ctica cl\u00ednica para la prevenci\u00f3n de eventos asociados a la ventilaci\u00f3n mecanica<br><\/td><td>Secretar\u00eda Distrital de Salud<br>Asociaci\u00f3n Colombiana de Infectolog\u00eda<br>Cap\u00edtulo Central<\/td><td>2022<\/td><td>Gu\u00eda prevenci\u00f3n<\/td><td>Gu\u00eda<\/td><td><a href=\"https:\/\/www.aslaci.org\/publicaciones-gratis\/2_Guia_P2_EAVM_SDS.pdf\" target=\"_blank\" rel=\"noreferrer noopener\"><img decoding=\"async\" width=\"32px\" src=\"https:\/\/www.aslaci.org\/img\/descarga.png\"><\/a><\/td><\/tr><tr><td>Manual de prevenci\u00f3n y control de bacterias multi-resistentes<\/td><td>Comit\u00e9 de resistencia bacteriana. Asociaci\u00f3n Colombiana de Infectolog\u00eda<\/td><td>2019<\/td><td>Bacterias Multiresistentes. Prevenci\u00f3n. Control.<\/td><td>Recomendaciones basadas en la evidencia<\/td><td><a href=\"https:\/\/www.aslaci.org\/publicaciones-gratis\/Manual Prevencion bacterias MDR ACIN  2019.pdf\" target=\"_blank\" rel=\"noreferrer noopener\"><img decoding=\"async\" width=\"32px\" src=\"https:\/\/www.aslaci.org\/img\/descarga.png\"><\/a><\/td><\/tr><tr><td>GU\u00cdA PARA EL CONTROL DE INFECCIONES ASOCIADAS A LA ATENCI\u00d3N EN SALUD 2018 (EN ESPA\u00d1OL)<\/td><td>ISID<\/td><td>2018<\/td><td>Recomendaciones<\/td><td>Guia control infecciones<\/td><td><a href=\"https:\/\/isid.org\/guia\/#1610463980666-4068b9d3-3ce9\" target=\"_blank\" rel=\"noreferrer noopener\"><img decoding=\"async\" width=\"32px\" src=\"https:\/\/www.aslaci.org\/img\/descarga.png\"><\/a><\/td><\/tr><tr><td>Limpieza y desinfecci\u00f3n de equipos y superficies ambientales en Instituciones Prestadoras de Servicios de Salud.<\/td><td>Adriana Jim\u00e9nez Rojas, MD., MSc. Editora<\/td><td>2022<\/td><td>Limpieza y desinfecci\u00f3n<\/td><td>Manual higiene hospitalaria<\/td><td><a href=\"https:\/\/www.aslaci.org\/publicaciones-gratis\/doctextnuevo\/LIMPIEZA Y DESINFECCION HOSPITALARIA 2022.pdf\" data-type=\"URL\" target=\"_blank\" rel=\"noreferrer noopener\"><img decoding=\"async\" width=\"32px\" src=\"https:\/\/www.aslaci.org\/img\/descarga.png\"><\/a><\/td><\/tr><tr><td>Traducci\u00f3n de tablas 2 y 3 de \u201cEstrategias para prevenir la neumon\u00eda asociada al ventilador, los eventos asociados al ventilador y la neumon\u00eda adquirida en el hospital sin ventilador en hospitales de cuidados agudos: actualizaci\u00f3n de 2022\u201d<\/td><td>SHEA\/IDSA\/APIC Practice Recommendation.<\/td><td>2022<\/td><td>Neumonia nosocomial<\/td><td>Tabla resumen de recomendaciones<\/td><td><a href=\"https:\/\/www.aslaci.org\/publicaciones-gratis\/doctextnuevo\/Tabla2.pdf\" target=\"_blank\" rel=\"noreferrer noopener\"><img decoding=\"async\" width=\"32px\" src=\"https:\/\/www.aslaci.org\/img\/descarga.png\"><\/a><\/td><\/tr><tr><td>Strategies to prevent ventilator-associated pneumonia, ventilator-associated events, and nonventilator hospital-acquired pneumonia in acute-care hospitals: 2022 Update<\/td><td>SHEA\/IDSA\/APIC Practice Recommendation.<\/td><td>2022<\/td><td>Neumonia nosocomial<\/td><td>Recomendaciones<\/td><td><a href=\"https:\/\/www.aslaci.org\/publicaciones-gratis\/doctextnuevo\/NAv y no asociada SHEA 2022.pdf\" target=\"_blank\" rel=\"noreferrer noopener\"><img decoding=\"async\" width=\"32px\" src=\"https:\/\/www.aslaci.org\/img\/descarga.png\"><\/a><\/td><\/tr><tr><td>Resumen de recomendaciones para Prevenir Bacteriemia Relacionada a Cat\u00e9ter Venoso Central<\/td><td>Niccol\u00f2 Buetti MD, MSc, PhD et al.<\/td><td>2022<\/td><td>Prevenci\u00f3n de bacteriemia relacionada a CVC<\/td><td>recomendaciones<\/td><td><a href=\"https:\/\/www.aslaci.org\/publicaciones-gratis\/doctextnuevo\/Tabla 1 Resumen de recomendaciones para Prevenir Bacteriemia Relacionada a CVC.pdf\" target=\"_blank\" rel=\"noreferrer noopener\"><img decoding=\"async\" width=\"32px\" src=\"https:\/\/www.aslaci.org\/img\/descarga.png\"><\/a><\/td><\/tr><tr><td>Estrategias para prevenir infecciones del torrente sangu\u00edneo asociadas a v\u00edas centrales en hospitales de agudos: Actualizaci\u00f3n 2022 (en ingl\u00e9s)<\/td><td>Niccol\u00f2 Buetti MD, MSc, PhD et al.<\/td><td>2022<\/td><td>Prevenci\u00f3n de bacteriemia relacionada a CVC<\/td><td>recomendaciones<\/td><td><a href=\"https:\/\/www.aslaci.org\/publicaciones-gratis\/doctextnuevo\/strategies-to-prevent-central-line-associated-bloodstream-infections-in-acute-care-hospitals-2022-update.pdf\" target=\"_blank\" rel=\"noreferrer noopener\"><img decoding=\"async\" width=\"32px\" src=\"https:\/\/www.aslaci.org\/img\/descarga.png\"><\/a><\/td><\/tr><tr><td>Mejores pr\u00e1cticas de limpieza ambiental en centros de atenci\u00f3n m\u00e9dica en entornos con recursos limitados<\/td><td>CDC y el Grupo de Trabajo en Educaci\u00f3n de la Red Africana para el Control de Infecciones<\/td><td>2019<\/td><td>Higiene hospitalaria<\/td><td>recomendaciones<\/td><td><a href=\"https:\/\/www.aslaci.org\/publicaciones-gratis\/doctextnuevo\/BestPracAfrica-for-MLS-Spanish-US-508c (1).pdf\" target=\"_blank\" rel=\"noreferrer noopener\"><img decoding=\"async\" width=\"32px\" src=\"https:\/\/www.aslaci.org\/img\/descarga.png\"><\/a><\/td><\/tr><tr><td>El impacto de la infecci\u00f3n vs colonizaci\u00f3n en la contaminaci\u00f3n ambiental por Clostridioides difficile en pacientes hospitalizados con diarrea<\/td><td>Silvia Guerra<\/td><td>2022<\/td><td><\/td><td>Articulo comentado<\/td><td><a href=\"https:\/\/www.aslaci.org\/publicaciones-gratis\/doctextnuevo\/ARTICULO COMENTADO DEL MES FEBRERO 2022.pdf\" target=\"_blank\" rel=\"noreferrer noopener\"><img decoding=\"async\" width=\"32px\" src=\"https:\/\/www.aslaci.org\/img\/descarga.png\"><\/a><\/td><\/tr><tr><td>NeoCLEAN: una estrategia multimodal para mejorar la limpieza ambiental en una unidad neonatal con recursos limitados<\/td><td>Silvia Guerra<\/td><td>2021<\/td><td>Higiene unidad neonatal<\/td><td>Articulo comentado<\/td><td><a href=\"https:\/\/www.aslaci.org\/publicaciones-gratis\/doctextnuevo\/COMENTADO DEL MES dic 2021 ASLACI NEONATAL.pdf\" target=\"_blank\" rel=\"noreferrer noopener\"><img decoding=\"async\" width=\"32px\" src=\"https:\/\/www.aslaci.org\/img\/descarga.png\"><\/a><\/td><\/tr><tr><td>Alerta Epidemiol\u00f3gica -Emergencia e incremento de nuevas combinaciones de carbapenemasas en Enterobacterales en Latinoam\u00e9rica y el Caribe.<\/td><td>OPS<\/td><td>2012<\/td><td>Alerta epidemiologica<\/td><td>Recomendacion<\/td><td><a href=\"https:\/\/www.aslaci.org\/publicaciones-gratis\/doctextnuevo\/2021-Octubre-phe-alerta-epi-carbapenamasas_SP.pdf\" target=\"_blank\" rel=\"noreferrer noopener\"><img decoding=\"async\" width=\"32px\" src=\"https:\/\/www.aslaci.org\/img\/descarga.png\"><\/a><\/td><\/tr><tr><td>Uso de t\u00faneles o c\u00e1maras de desinfecci\u00f3n como prevenci\u00f3n de COVID-19.<\/td><td><\/td><td>2020<\/td><td>MSP Uruguay<\/td><td>Recomendaciones<\/td><td><a rel=\"noreferrer noopener\" href=\"https:\/\/www.aslaci.org\/publicaciones-gratis\/doctextnuevo\/MSP_USO_CAMARA_DESINFECCION.pdf\" target=\"_blank\"><img decoding=\"async\" width=\"32px\" src=\"https:\/\/www.aslaci.org\/img\/descarga.png\"><\/a><\/td><\/tr><tr><td>Uso de EPP para atender personas con COVID-19<\/td><td><\/td><td>2020<\/td><td>CDC de EEUU<\/td><td>Actualizaci\u00f3n<\/td><td><a href=\"https:\/\/www.aslaci.org\/publicaciones-gratis\/doctextnuevo\/A_FS_HCP_COVID19_PPE_ESP.pdf\" target=\"_blank\" rel=\"noreferrer noopener\"><img decoding=\"async\" width=\"32px\" src=\"https:\/\/www.aslaci.org\/img\/descarga.png\"><\/a><\/td><\/tr><tr><td>Consideraciones operativas provisionales para la gesti\u00f3n de la salud p\u00fablica de los trabajadores de la salud expuestos o infectados con COVID-19<\/td><td><\/td><td>2020<\/td><td>Corona Virus<\/td><td>Recomendaciones<\/td><td><a href=\"https:\/\/www.aslaci.org\/publicaciones-gratis\/doctextnuevo\/\" target=\"_blank\" rel=\"noreferrer noopener\"><img decoding=\"async\" width=\"32px\" src=\"https:\/\/www.aslaci.org\/img\/descarga.png\"><\/a>.<\/td><\/tr><tr><td>Recomendaciones conjuntas para el manejo cl\u00ednico de la infecci\u00f3n por SARS-CoV-2 y la enfermedad COVID-19<\/td><td><\/td><td>2020<\/td><td>Corona Virus<\/td><td>Recomendaciones<\/td><td><a href=\"https:\/\/www.aslaci.org\/publicaciones-gratis\/doctextnuevo\/Coronavirusrec.pdf\" target=\"_blank\" rel=\"noreferrer noopener\"><img decoding=\"async\" width=\"32px\" src=\"https:\/\/www.aslaci.org\/img\/descarga.png\"><\/a><\/td><\/tr><tr><td>Articulo comentado del mes: Personal sanitario e Infecciones asociadas a la atenci\u00f3n en salud: una revisi\u00f3n sistem\u00e1tica de la literatura<\/td><td>Pola Brenner<\/td><td>2020<\/td><td>Numero de personal<\/td><td>Dotacion de personal y prevencion de IAAS<\/td><td><a rel=\"noreferrer noopener\" href=\"https:\/\/www.aslaci.org\/publicaciones-gratis\/doctextnuevo\/\" target=\"_blank\"><img decoding=\"async\" width=\"32px\" src=\"https:\/\/www.aslaci.org\/img\/descarga.png\"><\/a>.<\/td><\/tr><tr><td>Ficha tecnica de evaluacion de detergentes<\/td><td>Gentileza de Ruhof SA<\/td><td>2020<\/td><td>Detergentes<\/td><td>Instrumento de evaluacion<\/td><td><a href=\"https:\/\/www.aslaci.org\/publicaciones-gratis\/doctextnuevo\/Ficha t\u00e9cnica de evaluaci\u00f3n de detergente.pdf\" target=\"_blank\" rel=\"noreferrer noopener\"><img decoding=\"async\" width=\"32px\" src=\"https:\/\/www.aslaci.org\/img\/descarga.png\"><\/a><\/td><\/tr><tr><td>PROCEDIMIENTO DE ACTUACI\u00d3N FRENTE A CASOS DE INFECCI\u00d3N POR EL NUEVO CORONAVIRUS (2019-nCoV)<\/td><td>2020<\/td><td><\/td><td>Recomendaciones<\/td><td><a href=\"https:\/\/www.aslaci.org\/publicaciones-gratis\/documentos-texto\/Procedimiento_2019-nCoV.pdf\" target=\"_blank\" rel=\"noreferrer noopener\"><\/a><\/td><td><a href=\"https:\/\/www.aslaci.org\/publicaciones-gratis\/doctextnuevo\/Procedimiento_2019-nCoV.pdf\" target=\"_blank\" rel=\"noreferrer noopener\"><img decoding=\"async\" width=\"32px\" src=\"https:\/\/www.aslaci.org\/img\/descarga.png\"><\/a><\/td><\/tr><tr><td>Bacteriemia relacionada a CVC<\/td><td>Comit\u00e9 de Infecciones Asociadas al Cui- dado de la Salud y Seguridad del Paciente (IACS-SP) de la Sociedad Argentina de Infectolog\u00eda (SADI) y el Comit\u00e9 de Infectolog\u00eda Cr\u00edtica (CIC) de la Sociedad Argentina de Terapia Intensiva (SATI)<\/td><td>2019<\/td><td><\/td><td>Recomendaciones<\/td><td><a rel=\"noreferrer noopener\" href=\"https:\/\/www.aslaci.org\/publicaciones-gratis\/doctextnuevo\/\" target=\"_blank\"><img decoding=\"async\" width=\"32px\" src=\"https:\/\/www.aslaci.org\/img\/descarga.png\"><\/a>.<\/td><\/tr><tr><td>Duraci\u00f3n de las precauciones de contacto para entornos de cuidados agudos<\/td><td>Dra. Milagros M. Herrera<\/td><td>2020<\/td><td>Art\u00edculo comentado<\/td><td>Recomendaciones<\/td><td><a href=\"https:\/\/www.aslaci.org\/publicaciones-gratis\/doctextnuevo\/ARTICULO COMENTADO DEL enero 2020 herrera (1).pdf\" target=\"_blank\" rel=\"noreferrer noopener\"><img decoding=\"async\" width=\"32px\" src=\"https:\/\/www.aslaci.org\/img\/descarga.png\"><\/a><\/td><\/tr><tr><td>Riesgos de infeccion posterior a ecocardiografia transesof\u00e1gica<\/td><td>Lic Mg Silvia Guerra<\/td><td>2019<\/td><td>Art\u00edculo comentado<\/td><td>Recomendaciones<\/td><td><a href=\"https:\/\/www.aslaci.org\/publicaciones-gratis\/doctextnuevo\/ARTICULO COMENTADO Nov2019 ASLACI (1).pdf\" target=\"_blank\" rel=\"noreferrer noopener\"><img decoding=\"async\" width=\"32px\" src=\"https:\/\/www.aslaci.org\/img\/descarga.png\"><\/a><\/td><\/tr><tr><td>M\u00e9todo correcto para el tratamiento del instrumental en la pr\u00e1ctica Odont\u00f3logica<\/td><td>Grupo de Trabajo Tratamiento del Instrumental AKI<\/td><td>2016<\/td><td>Reprocesamiento de instrumentos<\/td><td>Recomendaciones<\/td><td><a href=\"https:\/\/www.aslaci.org\/publicaciones-gratis\/doctextnuevo\/Tratamientno de instrumental de odontologia (amarillo).pdf\" target=\"_blank\" rel=\"noreferrer noopener\"><img decoding=\"async\" width=\"32px\" src=\"https:\/\/www.aslaci.org\/img\/descarga.png\"><\/a><\/td><\/tr><tr><td>M\u00e9todo correcto para el tratamiento del instrumental<\/td><td>Grupo de Trabajo Tratamiento del Instrumental AKI<\/td><td>2017<\/td><td>Reprocesamiento de instrumentos<\/td><td>Recomendaciones<\/td><td><a href=\"https:\/\/www.aslaci.org\/publicaciones-gratis\/doctextnuevo\/DOC-20230302-WA0015..pdf\" target=\"_blank\" rel=\"noreferrer noopener\"><img decoding=\"async\" width=\"32px\" src=\"https:\/\/www.aslaci.org\/img\/descarga.png\"><\/a><\/td><\/tr><tr><td>Infecciones hospitalarias por Bacilos gram negativos multirresistentes: diagnostico, tratamiento y medidas de prevenci\u00f3n.<\/td><td>Medina, Julio Cesar &amp; Guerra, Silvia. COCEMI. Uruguay<\/td><td>2012<\/td><td>Prevenci\u00f3n, control y tratamiento enterobacterias productoras de carbapenemasas. Higiene ambiental.<\/td><td>Recomendaciones<\/td><td><a rel=\"noreferrer noopener\" href=\"https:\/\/www.aslaci.org\/publicaciones-gratis\/doctextnuevo\/ManualBGN2012_COCEMI.pdf\" target=\"_blank\"><img decoding=\"async\" width=\"32px\" src=\"https:\/\/www.aslaci.org\/img\/descarga.png\"><\/a><\/td><\/tr><tr><td>Infecciones asociadas a cat\u00e9teres venosos centrales. Actualizaci\u00f3n y recomendaciones intersociedades<\/td><td>Sociedad Argentina de Infectolog\u00eda (SADI) y la Sociedad Argentina de Terapia Intensiva (SATI).<\/td><td>2019<\/td><td>Infecciones por cat\u00e9teres<\/td><td>Recomendaciones<\/td><td><a rel=\"noreferrer noopener\" href=\"https:\/\/www.aslaci.org\/publicaciones-gratis\/doctextnuevo\/53-60-Med6869-Farina-B.pdf\" target=\"_blank\"><img decoding=\"async\" width=\"32px\" src=\"https:\/\/www.aslaci.org\/img\/descarga.png\"><\/a><\/td><\/tr><tr><td>Infecci\u00f3n del tracto urinario asociada a sonda vesical. actualizaci\u00f3n y recomendaciones intersociedades<\/td><td>Sociedad Argentina de Infectolog\u00eda (SADI) y la Sociedad Argentina de Terapia Intensiva (SATI).<\/td><td>2018<\/td><td>Infecciones urinarias por cat\u00e9ter urinario<\/td><td>Recomendaciones<\/td><td><a rel=\"noreferrer noopener\" href=\"https:\/\/www.aslaci.org\/publicaciones-gratis\/doctextnuevo\/INFECCI\u00d3N DEL TRACTO URINARIO ASOCIADA_A_SONDA_VESICAL-2018.pdf\" target=\"_blank\"><img decoding=\"async\" width=\"32px\" src=\"https:\/\/www.aslaci.org\/img\/descarga.png\"><\/a><\/td><\/tr><tr><td>Neumonia asociada a ventilaci\u00f3n mecanica<\/td><td>Sociedad Argentina de Infectolog\u00eda (SADI) y la Sociedad Argentina de Terapia Intensiva (SATI).<\/td><td>2018<\/td><td>Neumonia asociada a ventilador<\/td><td>Recomendaciones<\/td><td><a href=\"https:\/\/www.aslaci.org\/publicaciones-gratis\/doctextnuevo\/NAVM, SADI SATI 2018.pdf\" target=\"_blank\" rel=\"noreferrer noopener\"><img decoding=\"async\" width=\"32px\" src=\"https:\/\/www.aslaci.org\/img\/descarga.png\"><\/a><\/td><\/tr><tr><td>Actualizaci\u00f3n sobre medidas de prevenci\u00f3n de infecciones de sitio quirurgico<\/td><td>Ministerio de Salud &#8211; Administraci\u00f3n Nacional de Laboratorios e Institutos de Salud (ANLIS) &#8211; Instituto Nacional de Epidemiolog\u00eda (INE) &#8211; Sociedad Argentina de Infectolog\u00eda (SADI)<\/td><td>2015<\/td><td>Infeccion de sitio quir\u00fargico<\/td><td>Recomendaciones<\/td><td><em><a href=\"https:\/\/www.aslaci.org\/publicaciones-gratis\/doctextnuevo\/CONSENSO INE-SADI 2015 ISQ (1).pdf\" target=\"_blank\" rel=\"noreferrer noopener\"><img decoding=\"async\" width=\"32px\" src=\"https:\/\/www.aslaci.org\/img\/descarga.png\"><\/a><\/em><\/td><\/tr><tr><td>Prevencion de infecciones asociadas a la atencion neonatol\u00f3gica.<\/td><td>Organizacion Panamericana de la Salud. Centro Latinoamericano de Perinatologia, Salud de la Mujer y Reproductiva.. Montevideo: CLAP\/SMR. (Publicacion Cientifica CLAP, 1613).<\/td><td>2017<\/td><td>Infecciones en neonatologia<\/td><td>Recomendaciones<\/td><td><a href=\"https:\/\/iris.paho.org\/bitstream\/handle\/10665.2\/49006\/978927531964_spa.pdf?sequence=1&amp;isAllowed=y\" target=\"_blank\" rel=\"noreferrer noopener\"><img decoding=\"async\" width=\"32px\" src=\"https:\/\/www.aslaci.org\/img\/descarga.png\"><\/a><\/td><\/tr><tr><td>Vigilancia Epidemiol\u00f3gica de las Infecciones Asociadas a la Atenci\u00f3n de Salud<\/td><td>Organizacion Panamericana de la Salud<\/td><td>2010<\/td><td>Vigilancia epidemiol\u00f3gica de IAAS<\/td><td>Manual de vigilancia<\/td><td><a rel=\"noreferrer noopener\" href=\"https:\/\/www.aslaci.org\/publicaciones-gratis\/doctextnuevo\/Vigilancia epidemiol\u00f3gica infecciones ops.pdf\" target=\"_blank\"><img decoding=\"async\" width=\"32px\" src=\"https:\/\/www.aslaci.org\/img\/descarga.png\"><\/a><\/td><\/tr><tr><td>Vigilancia epidemiol\u00f3gica de las infecciones asociadas a la atenci\u00f3n de la salud en el puerperio. M\u00f3dulo V.<\/td><td>Organizaci\u00f3n Panamericana de la Salud.<\/td><td>2014<\/td><td>Vigilancia IAAS cesarea, episiotom\u00eda, endometritis<\/td><td>Manual de vigilancia puerperio<\/td><td><a href=\"https:\/\/www.aslaci.org\/publicaciones-gratis\/doctextnuevo\/infecciones puerperio.pdf\" target=\"_blank\" rel=\"noreferrer noopener\"><img decoding=\"async\" width=\"32px\" src=\"https:\/\/www.aslaci.org\/img\/descarga.png\"><\/a><\/td><\/tr><tr><td>Vigilancia epidemiol\u00f3gica de las infecciones asociadas a la atenci\u00f3n de la salud. M\u00f3dulo III: informaci\u00f3n para gerentes y personal directivo<\/td><td>Organizaci\u00f3n Panamericana de la Salud<\/td><td>2012<\/td><td>Montaje de un sistema de vigilancia instrucciones para gerentes y directores<\/td><td>Manual vigilancia<\/td><td><a href=\"https:\/\/www.aslaci.org\/publicaciones-gratis\/doctextnuevo\/OPS-Vigilancia-Infecciones-gerentes y directores.pdf\" target=\"_blank\" rel=\"noreferrer noopener\"><img decoding=\"async\" width=\"32px\" src=\"https:\/\/www.aslaci.org\/img\/descarga.png\"><\/a><\/td><\/tr><tr><td>Vigilancia Epidemiol\u00f3gica de las infecciones asociadas a la Atenci\u00f3n de la Salud en neonatolog\u00eda.<\/td><td>OPS<\/td><td>2013<\/td><td>Vigilancia epidemiol\u00f3gica IAAS en neonatos<\/td><td>Manual vigilancia<\/td><td><a href=\"https:\/\/www.aslaci.org\/publicaciones-gratis\/doctextnuevo\/OPS Vigilancia en neonatologia.pdf\" target=\"_blank\" rel=\"noreferrer noopener\"><img decoding=\"async\" width=\"32px\" src=\"https:\/\/www.aslaci.org\/img\/descarga.png\"><\/a><\/td><\/tr><tr><td>GU\u00cdAS CL\u00cdNICAS DE LA ASOCIACI\u00d3N ESPA\u00d1OLA DE CIRUJANOS<\/td><td>Josep M.a Badia P\u00e9rez Xavier Guirao Garriga<\/td><td>2016<\/td><td>INFECCIONES QUIR\u00daRGICAS<\/td><td>Guia<\/td><td><a rel=\"noreferrer noopener\" href=\"https:\/\/www.aslaci.org\/publicaciones-gratis\/doctextnuevo\/\" target=\"_blank\"><img decoding=\"async\" width=\"32px\" src=\"https:\/\/www.aslaci.org\/img\/descarga.png\"><\/a>.<\/td><\/tr><tr><td>Gu\u00eda de dise\u00f1o arquitect\u00f3nico para establecimientos de salud<\/td><td>Ministerio de Salud Publica de Rep\u00fablica Dominicana<\/td><td>2015<\/td><td>Dise\u00f1o arquitect\u00f3nico hospitalario<\/td><td>Guia<\/td><td><a rel=\"noreferrer noopener\" href=\"https:\/\/www.aslaci.org\/publicaciones-gratis\/doctextnuevo\/\" target=\"_blank\"><img decoding=\"async\" width=\"32px\" src=\"https:\/\/www.aslaci.org\/img\/descarga.png\"><\/a>.<\/td><\/tr><tr><td>Manual de esterilizacion para servicios de salud<\/td><td>OPS Stempliuk V y Acosta Gnass S.<\/td><td>2009<\/td><td>Esterilizacion de materiales de uso medico<\/td><td>Recomendaciones<\/td><td><a href=\"https:\/\/www.aslaci.org\/publicaciones-gratis\/doctextnuevo\/MANUAL ESTERILIZACION OPS.pdf\" target=\"_blank\" rel=\"noreferrer noopener\"><img decoding=\"async\" width=\"32px\" src=\"https:\/\/www.aslaci.org\/img\/descarga.png\"><\/a><\/td><\/tr><tr><td>Gu\u00eda de buenas pr\u00e1cticas para la seguridad y la sostenibilidad del \u00e1rea quir\u00fargica<\/td><td>Pilar Boixareu Gom\u00e0 (Servei Catal\u00e0 de la Salut), Maria Cristina Borb\u00f3n Ribera (Departament de Salut) y otros<\/td><td>2012<\/td><td>Seguridad, area quirurgica<\/td><td>Guia de buenas practicas<\/td><td><a href=\"https:\/\/www.aslaci.org\/publicaciones-gratis\/doctextnuevo\/Gu\u00eda Buenas Pr\u00e1cticas en Quir\u00f3fanos2012.pdf\" target=\"_blank\" rel=\"noreferrer noopener\"><img decoding=\"async\" width=\"32px\" src=\"https:\/\/www.aslaci.org\/img\/descarga.png\"><\/a><\/td><\/tr><tr><td>Gu\u00eda para la vigilancia, prevenci\u00f3n y control de infecciones en unidades de hemodi\u00e1lisis del Distrito Capital<\/td><td>Secretar\u00eda distrital de salud- fundaci\u00f3n CIC Salud. Convenio de asociaci\u00f3n 1792- 2013.<\/td><td>2015<\/td><td>Infecciones en hemodialisis<\/td><td>Guia<\/td><td><a href=\"https:\/\/www.aslaci.org\/publicaciones-gratis\/doctextnuevo\/Gu\u00eda IAAS Hemodi\u00e1lisis.pdf\" target=\"_blank\" rel=\"noreferrer noopener\"><img decoding=\"async\" width=\"32px\" src=\"https:\/\/www.aslaci.org\/img\/descarga.png\"><\/a><\/td><\/tr><tr><td>Est\u00e1ndares de Evaluaci\u00f3n y Seguimiento para la Mejora de la Calidad de los Institutos de Medicina Altamente Especializada<\/td><td>Dr. \u00c1lvaro Haretche, Lic. Esp. Candida Scarpitta, Lic. Marcela Baldizzoni, Lic. Graciela Leiva, Dra. Rosana Gambogi, Cra. Helen Primus, Dra. Leticia G\u00f3mez Silva. Fondo Nacional de Recursos. Uruguay<\/td><td>2012<\/td><td>Calidad, cirug\u00eda cardiaca, cirug\u00eda ortop\u00e9dica, hemodi\u00e1lisis, trasplante.<\/td><td>Standares, Guias<\/td><td><a href=\"https:\/\/www.aslaci.org\/publicaciones-gratis\/doctextnuevo\/libro_mejora_calidad_139_web.pdf\" target=\"_blank\" rel=\"noreferrer noopener\"><img decoding=\"async\" width=\"32px\" src=\"https:\/\/www.aslaci.org\/img\/descarga.png\"><\/a><\/td><\/tr><tr><td>Gu\u00eda de Gesti\u00f3n de Calidad del Agua para Di\u00e1lisis<\/td><td>Fondo Nacional de Recursos. Uruguay<\/td><td>2014<\/td><td>Publicaci\u00f3n T\u00e9cnica N\u00famero 23 Agua, memorialistas<\/td><td>Recomendaciones, Gu\u00edas<\/td><td><a href=\"https:\/\/www.aslaci.org\/publicaciones-gratis\/doctextnuevo\/FNR_guia_agua en dialisis_2014.pdf\" target=\"_blank\" rel=\"noreferrer noopener\"><img decoding=\"async\" width=\"32px\" src=\"https:\/\/www.aslaci.org\/img\/descarga.png\"><\/a><\/td><\/tr><\/tbody><\/table><\/figure>\n","protected":false},"excerpt":{"rendered":"<p>Documentos de texto Titulo Autor A\u00f1o Tema Categoria Link Herramientas de IA para profesionales de salud OITT 2026 Herramientas de IA Herramientas de IA Documentos<\/p>\n","protected":false},"author":1,"featured_media":0,"parent":0,"menu_order":0,"comment_status":"closed","ping_status":"closed","template":"","meta":{"footnotes":""},"class_list":["post-464","page","type-page","status-publish","hentry"],"_links":{"self":[{"href":"https:\/\/www.aslaci.org\/web\/wp-json\/wp\/v2\/pages\/464","targetHints":{"allow":["GET"]}}],"collection":[{"href":"https:\/\/www.aslaci.org\/web\/wp-json\/wp\/v2\/pages"}],"about":[{"href":"https:\/\/www.aslaci.org\/web\/wp-json\/wp\/v2\/types\/page"}],"author":[{"embeddable":true,"href":"https:\/\/www.aslaci.org\/web\/wp-json\/wp\/v2\/users\/1"}],"replies":[{"embeddable":true,"href":"https:\/\/www.aslaci.org\/web\/wp-json\/wp\/v2\/comments?post=464"}],"version-history":[{"count":43,"href":"https:\/\/www.aslaci.org\/web\/wp-json\/wp\/v2\/pages\/464\/revisions"}],"predecessor-version":[{"id":721,"href":"https:\/\/www.aslaci.org\/web\/wp-json\/wp\/v2\/pages\/464\/revisions\/721"}],"wp:attachment":[{"href":"https:\/\/www.aslaci.org\/web\/wp-json\/wp\/v2\/media?parent=464"}],"curies":[{"name":"wp","href":"https:\/\/api.w.org\/{rel}","templated":true}]}}